{"id":625,"date":"2022-07-11T15:54:00","date_gmt":"2022-07-11T13:54:00","guid":{"rendered":"https:\/\/www.studiocyme.com\/?post_type=projet&#038;p=625"},"modified":"2023-04-28T17:08:08","modified_gmt":"2023-04-28T15:08:08","slug":"the-korner-2","status":"publish","type":"projet","link":"https:\/\/www.studiocyme.com\/en\/projet\/the-korner-2\/","title":{"rendered":"The Korner"},"content":{"rendered":"<p class=\"has-text-align-center has-large-font-size\"><em>Poetry in our wardrobe<\/em><\/p>\n\n\n\n<p>An elegant marriage between&nbsp;<a rel=\"noreferrer noopener\" href=\"https:\/\/thekorner.fr\/\" target=\"_blank\">The Korner<\/a>&nbsp;'s summer collection and our floral print.<\/p>\n\n\n\n<p>Green and blue hues that gently transport us to the poetic universe of one of our talented graphic designers.<\/p>\n\n\n\n<figure class=\"wp-block-gallery has-nested-images columns-1 is-cropped wp-block-gallery-1 is-layout-flex wp-block-gallery-is-layout-flex\">\n<figure class=\"wp-block-image size-large\"><img loading=\"lazy\" decoding=\"async\" width=\"1018\" height=\"1024\" data-id=\"642\" src=\"https:\/\/www.studiocyme.com\/wp-content\/uploads\/2023\/04\/Copyright-cyme_Aubrac-2-1018x1024.jpg\" alt=\"\" class=\"wp-image-642\" srcset=\"https:\/\/www.studiocyme.com\/wp-content\/uploads\/2023\/04\/Copyright-cyme_Aubrac-2-1018x1024.jpg 1018w, https:\/\/www.studiocyme.com\/wp-content\/uploads\/2023\/04\/Copyright-cyme_Aubrac-2-298x300.jpg 298w, https:\/\/www.studiocyme.com\/wp-content\/uploads\/2023\/04\/Copyright-cyme_Aubrac-2-150x150.jpg 150w, https:\/\/www.studiocyme.com\/wp-content\/uploads\/2023\/04\/Copyright-cyme_Aubrac-2-768x773.jpg 768w, https:\/\/www.studiocyme.com\/wp-content\/uploads\/2023\/04\/Copyright-cyme_Aubrac-2-1526x1536.jpg 1526w, https:\/\/www.studiocyme.com\/wp-content\/uploads\/2023\/04\/Copyright-cyme_Aubrac-2-2035x2048.jpg 2035w\" sizes=\"auto, (max-width: 1018px) 100vw, 1018px\" \/><\/figure>\n\n\n\n<figure class=\"wp-block-image size-large\"><img loading=\"lazy\" decoding=\"async\" width=\"1021\" height=\"1024\" data-id=\"641\" src=\"https:\/\/www.studiocyme.com\/wp-content\/uploads\/2023\/04\/Copyright-cyme_Aubrac-1-1021x1024.jpg\" alt=\"\" class=\"wp-image-641\" srcset=\"https:\/\/www.studiocyme.com\/wp-content\/uploads\/2023\/04\/Copyright-cyme_Aubrac-1-1021x1024.jpg 1021w, https:\/\/www.studiocyme.com\/wp-content\/uploads\/2023\/04\/Copyright-cyme_Aubrac-1-300x300.jpg 300w, https:\/\/www.studiocyme.com\/wp-content\/uploads\/2023\/04\/Copyright-cyme_Aubrac-1-150x150.jpg 150w, https:\/\/www.studiocyme.com\/wp-content\/uploads\/2023\/04\/Copyright-cyme_Aubrac-1-768x770.jpg 768w, https:\/\/www.studiocyme.com\/wp-content\/uploads\/2023\/04\/Copyright-cyme_Aubrac-1-1531x1536.jpg 1531w, https:\/\/www.studiocyme.com\/wp-content\/uploads\/2023\/04\/Copyright-cyme_Aubrac-1-2042x2048.jpg 2042w\" sizes=\"auto, (max-width: 1021px) 100vw, 1021px\" \/><\/figure>\n<\/figure>\n\n\n\n<p>Photo credits: The Korner<\/p>","protected":false},"menu_order":0,"template":"","meta":{"_acf_changed":false},"class_list":["post-625","projet","type-projet","status-publish","hentry"],"acf":[],"yoast_head":"<!-- This site is optimized with the Yoast SEO plugin v20.8 - https:\/\/yoast.com\/wordpress\/plugins\/seo\/ -->\n<title>The Korner - Studio Cym\u00e9<\/title>\n<meta name=\"robots\" content=\"index, follow, max-snippet:-1, max-image-preview:large, max-video-preview:-1\" \/>\n<link rel=\"canonical\" href=\"https:\/\/www.studiocyme.com\/en\/projet\/the-korner-2\/\" \/>\n<meta property=\"og:locale\" content=\"en_GB\" \/>\n<meta property=\"og:type\" content=\"article\" \/>\n<meta property=\"og:title\" content=\"The Korner - Studio Cym\u00e9\" \/>\n<meta property=\"og:description\" content=\"De la po\u00e9sie dans notre garde-robe Un \u00e9l\u00e9gant mariage entre la collection estivale de&nbsp;The Korner&nbsp;et notre imprim\u00e9 fleuri. Des colorations vertes et bleut\u00e9es qui nous transportent avec douceur dans l\u2019univers po\u00e9tique d\u2019une de nos talentueuses graphistes. Cr\u00e9dit Photos : The Korner\" \/>\n<meta property=\"og:url\" content=\"https:\/\/www.studiocyme.com\/en\/projet\/the-korner-2\/\" \/>\n<meta property=\"og:site_name\" content=\"Studio Cym\u00e9\" \/>\n<meta property=\"article:modified_time\" content=\"2023-04-28T15:08:08+00:00\" \/>\n<meta property=\"og:image\" content=\"https:\/\/www.studiocyme.com\/wp-content\/uploads\/2023\/04\/Copyright-cyme_Aubrac-2-1018x1024.jpg\" \/>\n<meta name=\"twitter:card\" content=\"summary_large_image\" \/>\n<script type=\"application\/ld+json\" class=\"yoast-schema-graph\">{\"@context\":\"https:\/\/schema.org\",\"@graph\":[{\"@type\":\"WebPage\",\"@id\":\"https:\/\/www.studiocyme.com\/projet\/the-korner-2\/\",\"url\":\"https:\/\/www.studiocyme.com\/projet\/the-korner-2\/\",\"name\":\"The Korner - Studio Cym\u00e9\",\"isPartOf\":{\"@id\":\"https:\/\/www.studiocyme.com\/#website\"},\"datePublished\":\"2022-07-11T13:54:00+00:00\",\"dateModified\":\"2023-04-28T15:08:08+00:00\",\"breadcrumb\":{\"@id\":\"https:\/\/www.studiocyme.com\/projet\/the-korner-2\/#breadcrumb\"},\"inLanguage\":\"en-GB\",\"potentialAction\":[{\"@type\":\"ReadAction\",\"target\":[\"https:\/\/www.studiocyme.com\/projet\/the-korner-2\/\"]}]},{\"@type\":\"BreadcrumbList\",\"@id\":\"https:\/\/www.studiocyme.com\/projet\/the-korner-2\/#breadcrumb\",\"itemListElement\":[{\"@type\":\"ListItem\",\"position\":1,\"name\":\"Accueil\",\"item\":\"https:\/\/www.studiocyme.com\/\"},{\"@type\":\"ListItem\",\"position\":2,\"name\":\"The Korner\"}]},{\"@type\":\"WebSite\",\"@id\":\"https:\/\/www.studiocyme.com\/#website\",\"url\":\"https:\/\/www.studiocyme.com\/\",\"name\":\"Studio Cym\u00e9\",\"description\":\"Le Studio de design textile et surface qui inspire vos collections\",\"potentialAction\":[{\"@type\":\"SearchAction\",\"target\":{\"@type\":\"EntryPoint\",\"urlTemplate\":\"https:\/\/www.studiocyme.com\/?s={search_term_string}\"},\"query-input\":\"required name=search_term_string\"}],\"inLanguage\":\"en-GB\"}]}<\/script>\n<!-- \/ Yoast SEO plugin. -->","yoast_head_json":{"title":"The Korner - Studio Cym\u00e9","robots":{"index":"index","follow":"follow","max-snippet":"max-snippet:-1","max-image-preview":"max-image-preview:large","max-video-preview":"max-video-preview:-1"},"canonical":"https:\/\/www.studiocyme.com\/en\/projet\/the-korner-2\/","og_locale":"en_GB","og_type":"article","og_title":"The Korner - Studio Cym\u00e9","og_description":"De la po\u00e9sie dans notre garde-robe Un \u00e9l\u00e9gant mariage entre la collection estivale de&nbsp;The Korner&nbsp;et notre imprim\u00e9 fleuri. Des colorations vertes et bleut\u00e9es qui nous transportent avec douceur dans l\u2019univers po\u00e9tique d\u2019une de nos talentueuses graphistes. Cr\u00e9dit Photos : The Korner","og_url":"https:\/\/www.studiocyme.com\/en\/projet\/the-korner-2\/","og_site_name":"Studio Cym\u00e9","article_modified_time":"2023-04-28T15:08:08+00:00","og_image":[{"url":"https:\/\/www.studiocyme.com\/wp-content\/uploads\/2023\/04\/Copyright-cyme_Aubrac-2-1018x1024.jpg"}],"twitter_card":"summary_large_image","schema":{"@context":"https:\/\/schema.org","@graph":[{"@type":"WebPage","@id":"https:\/\/www.studiocyme.com\/projet\/the-korner-2\/","url":"https:\/\/www.studiocyme.com\/projet\/the-korner-2\/","name":"The Korner - Studio Cym\u00e9","isPartOf":{"@id":"https:\/\/www.studiocyme.com\/#website"},"datePublished":"2022-07-11T13:54:00+00:00","dateModified":"2023-04-28T15:08:08+00:00","breadcrumb":{"@id":"https:\/\/www.studiocyme.com\/projet\/the-korner-2\/#breadcrumb"},"inLanguage":"en-GB","potentialAction":[{"@type":"ReadAction","target":["https:\/\/www.studiocyme.com\/projet\/the-korner-2\/"]}]},{"@type":"BreadcrumbList","@id":"https:\/\/www.studiocyme.com\/projet\/the-korner-2\/#breadcrumb","itemListElement":[{"@type":"ListItem","position":1,"name":"Accueil","item":"https:\/\/www.studiocyme.com\/"},{"@type":"ListItem","position":2,"name":"The Korner"}]},{"@type":"WebSite","@id":"https:\/\/www.studiocyme.com\/#website","url":"https:\/\/www.studiocyme.com\/","name":"Studio Cym\u00e9","description":"Le Studio de design textile et surface qui inspire vos collections","potentialAction":[{"@type":"SearchAction","target":{"@type":"EntryPoint","urlTemplate":"https:\/\/www.studiocyme.com\/?s={search_term_string}"},"query-input":"required name=search_term_string"}],"inLanguage":"en-GB"}]}},"_links":{"self":[{"href":"https:\/\/www.studiocyme.com\/en\/wp-json\/wp\/v2\/projet\/625","targetHints":{"allow":["GET"]}}],"collection":[{"href":"https:\/\/www.studiocyme.com\/en\/wp-json\/wp\/v2\/projet"}],"about":[{"href":"https:\/\/www.studiocyme.com\/en\/wp-json\/wp\/v2\/types\/projet"}],"wp:attachment":[{"href":"https:\/\/www.studiocyme.com\/en\/wp-json\/wp\/v2\/media?parent=625"}],"curies":[{"name":"wp","href":"https:\/\/api.w.org\/{rel}","templated":true}]}}

<!-- This site is optimized with the Yoast SEO plugin v20.8 - https://yoast.com/wordpress/plugins/seo/ -->
<title>The Korner - Studio Cymé</title>
<meta name="robots" content="index, follow, max-snippet:-1, max-image-preview:large, max-video-preview:-1" />
<link rel="canonical" href="https://www.studiocyme.com/en/projet/the-korner-2/" />
<meta property="og:locale" content="en_GB" />
<meta property="og:type" content="article" />
<meta property="og:title" content="The Korner - Studio Cymé" />
<meta property="og:description" content="De la poésie dans notre garde-robe Un élégant mariage entre la collection estivale de&nbsp;The Korner&nbsp;et notre imprimé fleuri. Des colorations vertes et bleutées qui nous transportent avec douceur dans l’univers poétique d’une de nos talentueuses graphistes. Crédit Photos : The Korner" />
<meta property="og:url" content="https://www.studiocyme.com/en/projet/the-korner-2/" />
<meta property="og:site_name" content="Studio Cymé" />
<meta property="article:modified_time" content="2023-04-28T15:08:08+00:00" />
<meta property="og:image" content="https://www.studiocyme.com/wp-content/uploads/2023/04/Copyright-cyme_Aubrac-2-1018x1024.jpg" />
<meta name="twitter:card" content="summary_large_image" />
<script type="application/ld+json" class="yoast-schema-graph">{"@context":"https://schema.org","@graph":[{"@type":"WebPage","@id":"https://www.studiocyme.com/projet/the-korner-2/","url":"https://www.studiocyme.com/projet/the-korner-2/","name":"The Korner - Studio Cymé","isPartOf":{"@id":"https://www.studiocyme.com/#website"},"datePublished":"2022-07-11T13:54:00+00:00","dateModified":"2023-04-28T15:08:08+00:00","breadcrumb":{"@id":"https://www.studiocyme.com/projet/the-korner-2/#breadcrumb"},"inLanguage":"en-GB","potentialAction":[{"@type":"ReadAction","target":["https://www.studiocyme.com/projet/the-korner-2/"]}]},{"@type":"BreadcrumbList","@id":"https://www.studiocyme.com/projet/the-korner-2/#breadcrumb","itemListElement":[{"@type":"ListItem","position":1,"name":"Accueil","item":"https://www.studiocyme.com/"},{"@type":"ListItem","position":2,"name":"The Korner"}]},{"@type":"WebSite","@id":"https://www.studiocyme.com/#website","url":"https://www.studiocyme.com/","name":"Studio Cymé","description":"Le Studio de design textile et surface qui inspire vos collections","potentialAction":[{"@type":"SearchAction","target":{"@type":"EntryPoint","urlTemplate":"https://www.studiocyme.com/?s={search_term_string}"},"query-input":"required name=search_term_string"}],"inLanguage":"en-GB"}]}</script>
<!-- / Yoast SEO plugin. -->

The Korner - Studio Cymé

De la poésie dans notre garde-robe Un élégant mariage entre la collection estivale de&nbsp;The Korner&nbsp;et notre imprimé fleuri. Des colorations vertes et bleutées qui nous transportent avec douceur dans l’univers poétique d’une de nos talentueuses graphistes. Crédit Photos : The Korner

Studio Cymé
