{"id":370,"date":"2020-10-04T17:44:00","date_gmt":"2020-10-04T15:44:00","guid":{"rendered":"https:\/\/www.studiocyme.com\/?post_type=projet&#038;p=370"},"modified":"2023-04-28T16:36:43","modified_gmt":"2023-04-28T14:36:43","slug":"rosae","status":"publish","type":"projet","link":"https:\/\/www.studiocyme.com\/en\/projet\/rosae\/","title":{"rendered":"Rosa\u00e9"},"content":{"rendered":"<p class=\"has-text-align-center has-large-font-size\"><em>A floral collaboration in black and white<\/em><\/p>\n\n\n\n<p>This beautiful small floral pattern has been embraced by <a href=\"https:\/\/fr.rosaeparis.com\/\">Rosa\u00e9<\/a>, a women's ready-to-wear brand that offers elegant and minimalist collections, all in an eco-friendly approach using organic natural fibers.<\/p>\n\n\n\n<figure class=\"wp-block-gallery has-nested-images columns-2 is-cropped wp-block-gallery-1 is-layout-flex wp-block-gallery-is-layout-flex\">\n<figure class=\"wp-block-image size-large\"><img loading=\"lazy\" decoding=\"async\" width=\"1024\" height=\"1015\" data-id=\"368\" src=\"https:\/\/www.studiocyme.com\/wp-content\/uploads\/2023\/04\/Capture-decran-2020-10-13-a-15-30-17-1024x1015.jpg\" alt=\"\" class=\"wp-image-368\" srcset=\"https:\/\/www.studiocyme.com\/wp-content\/uploads\/2023\/04\/Capture-decran-2020-10-13-a-15-30-17-1024x1015.jpg 1024w, https:\/\/www.studiocyme.com\/wp-content\/uploads\/2023\/04\/Capture-decran-2020-10-13-a-15-30-17-300x297.jpg 300w, https:\/\/www.studiocyme.com\/wp-content\/uploads\/2023\/04\/Capture-decran-2020-10-13-a-15-30-17-150x150.jpg 150w, https:\/\/www.studiocyme.com\/wp-content\/uploads\/2023\/04\/Capture-decran-2020-10-13-a-15-30-17-768x761.jpg 768w, https:\/\/www.studiocyme.com\/wp-content\/uploads\/2023\/04\/Capture-decran-2020-10-13-a-15-30-17-1536x1522.jpg 1536w, https:\/\/www.studiocyme.com\/wp-content\/uploads\/2023\/04\/Capture-decran-2020-10-13-a-15-30-17.jpg 2038w\" sizes=\"auto, (max-width: 1024px) 100vw, 1024px\" \/><\/figure>\n\n\n\n<figure class=\"wp-block-image size-large\"><img loading=\"lazy\" decoding=\"async\" width=\"908\" height=\"1024\" data-id=\"365\" src=\"https:\/\/www.studiocyme.com\/wp-content\/uploads\/2023\/04\/Capture-decran-2020-10-13-a-15-29-01-908x1024.jpg\" alt=\"\" class=\"wp-image-365\" srcset=\"https:\/\/www.studiocyme.com\/wp-content\/uploads\/2023\/04\/Capture-decran-2020-10-13-a-15-29-01-908x1024.jpg 908w, https:\/\/www.studiocyme.com\/wp-content\/uploads\/2023\/04\/Capture-decran-2020-10-13-a-15-29-01-266x300.jpg 266w, https:\/\/www.studiocyme.com\/wp-content\/uploads\/2023\/04\/Capture-decran-2020-10-13-a-15-29-01-768x866.jpg 768w, https:\/\/www.studiocyme.com\/wp-content\/uploads\/2023\/04\/Capture-decran-2020-10-13-a-15-29-01-1363x1536.jpg 1363w, https:\/\/www.studiocyme.com\/wp-content\/uploads\/2023\/04\/Capture-decran-2020-10-13-a-15-29-01.jpg 1714w\" sizes=\"auto, (max-width: 908px) 100vw, 908px\" \/><\/figure>\n\n\n\n<figure class=\"wp-block-image size-large\"><img loading=\"lazy\" decoding=\"async\" width=\"670\" height=\"1024\" data-id=\"367\" src=\"https:\/\/www.studiocyme.com\/wp-content\/uploads\/2023\/04\/Capture-decran-2020-10-13-a-15-29-45-670x1024.jpg\" alt=\"\" class=\"wp-image-367\" srcset=\"https:\/\/www.studiocyme.com\/wp-content\/uploads\/2023\/04\/Capture-decran-2020-10-13-a-15-29-45-670x1024.jpg 670w, https:\/\/www.studiocyme.com\/wp-content\/uploads\/2023\/04\/Capture-decran-2020-10-13-a-15-29-45-196x300.jpg 196w, https:\/\/www.studiocyme.com\/wp-content\/uploads\/2023\/04\/Capture-decran-2020-10-13-a-15-29-45-768x1173.jpg 768w, https:\/\/www.studiocyme.com\/wp-content\/uploads\/2023\/04\/Capture-decran-2020-10-13-a-15-29-45.jpg 1006w\" sizes=\"auto, (max-width: 670px) 100vw, 670px\" \/><\/figure>\n<\/figure>\n\n\n\n<p>Cr\u00e9dit Photos : Rosa\u00e9 <\/p>","protected":false},"menu_order":0,"template":"","meta":{"_acf_changed":false},"class_list":["post-370","projet","type-projet","status-publish","hentry"],"acf":[],"yoast_head":"<!-- This site is optimized with the Yoast SEO plugin v20.8 - https:\/\/yoast.com\/wordpress\/plugins\/seo\/ -->\n<title>Rosa\u00e9 - Studio Cym\u00e9<\/title>\n<meta name=\"robots\" content=\"index, follow, max-snippet:-1, max-image-preview:large, max-video-preview:-1\" \/>\n<link rel=\"canonical\" href=\"https:\/\/www.studiocyme.com\/en\/projet\/rosae\/\" \/>\n<meta property=\"og:locale\" content=\"en_GB\" \/>\n<meta property=\"og:type\" content=\"article\" \/>\n<meta property=\"og:title\" content=\"Rosa\u00e9 - Studio Cym\u00e9\" \/>\n<meta property=\"og:description\" content=\"Collaboration fleurie en noir et blanc Ce joli motif \u00e0 petites fleurs a \u00e9t\u00e9 adopt\u00e9 par Rosa\u00e9, marque de pr\u00eat-\u00e0-porter pour femmes, qui propose des collections \u00e9l\u00e9gantes et minimalistes, le tout dans une d\u00e9marche \u00e9co-responsable \u00e0 partir de fibres naturelles bio. Cr\u00e9dit Photos : Rosa\u00e9\" \/>\n<meta property=\"og:url\" content=\"https:\/\/www.studiocyme.com\/en\/projet\/rosae\/\" \/>\n<meta property=\"og:site_name\" content=\"Studio Cym\u00e9\" \/>\n<meta property=\"article:modified_time\" content=\"2023-04-28T14:36:43+00:00\" \/>\n<meta property=\"og:image\" content=\"https:\/\/www.studiocyme.com\/wp-content\/uploads\/2023\/04\/Capture-decran-2020-10-13-a-15-30-17-1024x1015.jpg\" \/>\n<meta name=\"twitter:card\" content=\"summary_large_image\" \/>\n<script type=\"application\/ld+json\" class=\"yoast-schema-graph\">{\"@context\":\"https:\/\/schema.org\",\"@graph\":[{\"@type\":\"WebPage\",\"@id\":\"https:\/\/www.studiocyme.com\/projet\/rosae\/\",\"url\":\"https:\/\/www.studiocyme.com\/projet\/rosae\/\",\"name\":\"Rosa\u00e9 - Studio Cym\u00e9\",\"isPartOf\":{\"@id\":\"https:\/\/www.studiocyme.com\/#website\"},\"datePublished\":\"2020-10-04T15:44:00+00:00\",\"dateModified\":\"2023-04-28T14:36:43+00:00\",\"breadcrumb\":{\"@id\":\"https:\/\/www.studiocyme.com\/projet\/rosae\/#breadcrumb\"},\"inLanguage\":\"en-GB\",\"potentialAction\":[{\"@type\":\"ReadAction\",\"target\":[\"https:\/\/www.studiocyme.com\/projet\/rosae\/\"]}]},{\"@type\":\"BreadcrumbList\",\"@id\":\"https:\/\/www.studiocyme.com\/projet\/rosae\/#breadcrumb\",\"itemListElement\":[{\"@type\":\"ListItem\",\"position\":1,\"name\":\"Accueil\",\"item\":\"https:\/\/www.studiocyme.com\/\"},{\"@type\":\"ListItem\",\"position\":2,\"name\":\"Rosa\u00e9\"}]},{\"@type\":\"WebSite\",\"@id\":\"https:\/\/www.studiocyme.com\/#website\",\"url\":\"https:\/\/www.studiocyme.com\/\",\"name\":\"Studio Cym\u00e9\",\"description\":\"Le Studio de design textile et surface qui inspire vos collections\",\"potentialAction\":[{\"@type\":\"SearchAction\",\"target\":{\"@type\":\"EntryPoint\",\"urlTemplate\":\"https:\/\/www.studiocyme.com\/?s={search_term_string}\"},\"query-input\":\"required name=search_term_string\"}],\"inLanguage\":\"en-GB\"}]}<\/script>\n<!-- \/ Yoast SEO plugin. -->","yoast_head_json":{"title":"Rosa\u00e9 - Studio Cym\u00e9","robots":{"index":"index","follow":"follow","max-snippet":"max-snippet:-1","max-image-preview":"max-image-preview:large","max-video-preview":"max-video-preview:-1"},"canonical":"https:\/\/www.studiocyme.com\/en\/projet\/rosae\/","og_locale":"en_GB","og_type":"article","og_title":"Rosa\u00e9 - Studio Cym\u00e9","og_description":"Collaboration fleurie en noir et blanc Ce joli motif \u00e0 petites fleurs a \u00e9t\u00e9 adopt\u00e9 par Rosa\u00e9, marque de pr\u00eat-\u00e0-porter pour femmes, qui propose des collections \u00e9l\u00e9gantes et minimalistes, le tout dans une d\u00e9marche \u00e9co-responsable \u00e0 partir de fibres naturelles bio. Cr\u00e9dit Photos : Rosa\u00e9","og_url":"https:\/\/www.studiocyme.com\/en\/projet\/rosae\/","og_site_name":"Studio Cym\u00e9","article_modified_time":"2023-04-28T14:36:43+00:00","og_image":[{"url":"https:\/\/www.studiocyme.com\/wp-content\/uploads\/2023\/04\/Capture-decran-2020-10-13-a-15-30-17-1024x1015.jpg"}],"twitter_card":"summary_large_image","schema":{"@context":"https:\/\/schema.org","@graph":[{"@type":"WebPage","@id":"https:\/\/www.studiocyme.com\/projet\/rosae\/","url":"https:\/\/www.studiocyme.com\/projet\/rosae\/","name":"Rosa\u00e9 - Studio Cym\u00e9","isPartOf":{"@id":"https:\/\/www.studiocyme.com\/#website"},"datePublished":"2020-10-04T15:44:00+00:00","dateModified":"2023-04-28T14:36:43+00:00","breadcrumb":{"@id":"https:\/\/www.studiocyme.com\/projet\/rosae\/#breadcrumb"},"inLanguage":"en-GB","potentialAction":[{"@type":"ReadAction","target":["https:\/\/www.studiocyme.com\/projet\/rosae\/"]}]},{"@type":"BreadcrumbList","@id":"https:\/\/www.studiocyme.com\/projet\/rosae\/#breadcrumb","itemListElement":[{"@type":"ListItem","position":1,"name":"Accueil","item":"https:\/\/www.studiocyme.com\/"},{"@type":"ListItem","position":2,"name":"Rosa\u00e9"}]},{"@type":"WebSite","@id":"https:\/\/www.studiocyme.com\/#website","url":"https:\/\/www.studiocyme.com\/","name":"Studio Cym\u00e9","description":"Le Studio de design textile et surface qui inspire vos collections","potentialAction":[{"@type":"SearchAction","target":{"@type":"EntryPoint","urlTemplate":"https:\/\/www.studiocyme.com\/?s={search_term_string}"},"query-input":"required name=search_term_string"}],"inLanguage":"en-GB"}]}},"_links":{"self":[{"href":"https:\/\/www.studiocyme.com\/en\/wp-json\/wp\/v2\/projet\/370","targetHints":{"allow":["GET"]}}],"collection":[{"href":"https:\/\/www.studiocyme.com\/en\/wp-json\/wp\/v2\/projet"}],"about":[{"href":"https:\/\/www.studiocyme.com\/en\/wp-json\/wp\/v2\/types\/projet"}],"wp:attachment":[{"href":"https:\/\/www.studiocyme.com\/en\/wp-json\/wp\/v2\/media?parent=370"}],"curies":[{"name":"wp","href":"https:\/\/api.w.org\/{rel}","templated":true}]}}

Rosaé

<p class="has-text-align-center has-large-font-size"><em>A floral collaboration in black and white</em></p>



<p>This beautiful small floral pattern has been embraced by <a href="https://fr.rosaeparis.com/">Rosaé</a>, a women's ready-to-wear brand that offers elegant and minimalist collections, all in an eco-friendly approach using organic natural fibers.</p>



<figure class="wp-block-gallery has-nested-images columns-2 is-cropped wp-block-gallery-1 is-layout-flex wp-block-gallery-is-layout-flex">
<figure class="wp-block-image size-large"><img loading="lazy" decoding="async" width="1024" height="1015" data-id="368" src="https://www.studiocyme.com/wp-content/uploads/2023/04/Capture-decran-2020-10-13-a-15-30-17-1024x1015.jpg" alt="" class="wp-image-368" srcset="https://www.studiocyme.com/wp-content/uploads/2023/04/Capture-decran-2020-10-13-a-15-30-17-1024x1015.jpg 1024w, https://www.studiocyme.com/wp-content/uploads/2023/04/Capture-decran-2020-10-13-a-15-30-17-300x297.jpg 300w, https://www.studiocyme.com/wp-content/uploads/2023/04/Capture-decran-2020-10-13-a-15-30-17-150x150.jpg 150w, https://www.studiocyme.com/wp-content/uploads/2023/04/Capture-decran-2020-10-13-a-15-30-17-768x761.jpg 768w, https://www.studiocyme.com/wp-content/uploads/2023/04/Capture-decran-2020-10-13-a-15-30-17-1536x1522.jpg 1536w, https://www.studiocyme.com/wp-content/uploads/2023/04/Capture-decran-2020-10-13-a-15-30-17.jpg 2038w" sizes="auto, (max-width: 1024px) 100vw, 1024px" /></figure>



<figure class="wp-block-image size-large"><img loading="lazy" decoding="async" width="908" height="1024" data-id="365" src="https://www.studiocyme.com/wp-content/uploads/2023/04/Capture-decran-2020-10-13-a-15-29-01-908x1024.jpg" alt="" class="wp-image-365" srcset="https://www.studiocyme.com/wp-content/uploads/2023/04/Capture-decran-2020-10-13-a-15-29-01-908x1024.jpg 908w, https://www.studiocyme.com/wp-content/uploads/2023/04/Capture-decran-2020-10-13-a-15-29-01-266x300.jpg 266w, https://www.studiocyme.com/wp-content/uploads/2023/04/Capture-decran-2020-10-13-a-15-29-01-768x866.jpg 768w, https://www.studiocyme.com/wp-content/uploads/2023/04/Capture-decran-2020-10-13-a-15-29-01-1363x1536.jpg 1363w, https://www.studiocyme.com/wp-content/uploads/2023/04/Capture-decran-2020-10-13-a-15-29-01.jpg 1714w" sizes="auto, (max-width: 908px) 100vw, 908px" /></figure>



<figure class="wp-block-image size-large"><img loading="lazy" decoding="async" width="670" height="1024" data-id="367" src="https://www.studiocyme.com/wp-content/uploads/2023/04/Capture-decran-2020-10-13-a-15-29-45-670x1024.jpg" alt="" class="wp-image-367" srcset="https://www.studiocyme.com/wp-content/uploads/2023/04/Capture-decran-2020-10-13-a-15-29-45-670x1024.jpg 670w, https://www.studiocyme.com/wp-content/uploads/2023/04/Capture-decran-2020-10-13-a-15-29-45-196x300.jpg 196w, https://www.studiocyme.com/wp-content/uploads/2023/04/Capture-decran-2020-10-13-a-15-29-45-768x1173.jpg 768w, https://www.studiocyme.com/wp-content/uploads/2023/04/Capture-decran-2020-10-13-a-15-29-45.jpg 1006w" sizes="auto, (max-width: 670px) 100vw, 670px" /></figure>
</figure>



<p>Crédit Photos : Rosaé </p>

<!-- This site is optimized with the Yoast SEO plugin v20.8 - https://yoast.com/wordpress/plugins/seo/ -->
<title>Rosaé - Studio Cymé</title>
<meta name="robots" content="index, follow, max-snippet:-1, max-image-preview:large, max-video-preview:-1" />
<link rel="canonical" href="https://www.studiocyme.com/en/projet/rosae/" />
<meta property="og:locale" content="en_GB" />
<meta property="og:type" content="article" />
<meta property="og:title" content="Rosaé - Studio Cymé" />
<meta property="og:description" content="Collaboration fleurie en noir et blanc Ce joli motif à petites fleurs a été adopté par Rosaé, marque de prêt-à-porter pour femmes, qui propose des collections élégantes et minimalistes, le tout dans une démarche éco-responsable à partir de fibres naturelles bio. Crédit Photos : Rosaé" />
<meta property="og:url" content="https://www.studiocyme.com/en/projet/rosae/" />
<meta property="og:site_name" content="Studio Cymé" />
<meta property="article:modified_time" content="2023-04-28T14:36:43+00:00" />
<meta property="og:image" content="https://www.studiocyme.com/wp-content/uploads/2023/04/Capture-decran-2020-10-13-a-15-30-17-1024x1015.jpg" />
<meta name="twitter:card" content="summary_large_image" />
<script type="application/ld+json" class="yoast-schema-graph">{"@context":"https://schema.org","@graph":[{"@type":"WebPage","@id":"https://www.studiocyme.com/projet/rosae/","url":"https://www.studiocyme.com/projet/rosae/","name":"Rosaé - Studio Cymé","isPartOf":{"@id":"https://www.studiocyme.com/#website"},"datePublished":"2020-10-04T15:44:00+00:00","dateModified":"2023-04-28T14:36:43+00:00","breadcrumb":{"@id":"https://www.studiocyme.com/projet/rosae/#breadcrumb"},"inLanguage":"en-GB","potentialAction":[{"@type":"ReadAction","target":["https://www.studiocyme.com/projet/rosae/"]}]},{"@type":"BreadcrumbList","@id":"https://www.studiocyme.com/projet/rosae/#breadcrumb","itemListElement":[{"@type":"ListItem","position":1,"name":"Accueil","item":"https://www.studiocyme.com/"},{"@type":"ListItem","position":2,"name":"Rosaé"}]},{"@type":"WebSite","@id":"https://www.studiocyme.com/#website","url":"https://www.studiocyme.com/","name":"Studio Cymé","description":"Le Studio de design textile et surface qui inspire vos collections","potentialAction":[{"@type":"SearchAction","target":{"@type":"EntryPoint","urlTemplate":"https://www.studiocyme.com/?s={search_term_string}"},"query-input":"required name=search_term_string"}],"inLanguage":"en-GB"}]}</script>
<!-- / Yoast SEO plugin. -->

Rosaé - Studio Cymé

Collaboration fleurie en noir et blanc Ce joli motif à petites fleurs a été adopté par Rosaé, marque de prêt-à-porter pour femmes, qui propose des collections élégantes et minimalistes, le tout dans une démarche éco-responsable à partir de fibres naturelles bio. Crédit Photos : Rosaé

Studio Cymé
